ided by 5?
4
Let s = -149 - -193. What is the remainder when s is divided by 12?
8
Suppose -2*z - 2 + 8 = 0. Let t be (18/(-63))/((-1)/7). Suppose t*c = 19 - z. What is the remainder when 22 is divided by c?
6
Let b be 6/(-18)*0/(-1 - 2). Let a(w) = w - 1. Let j be a(5). Suppose b = j*q - 72. Calculate the remainder when 53 is divided by q.
17
Let a(w) = w**3 - 3*w**2 - 9*w + 8. Calculate the remainder when a(6) is divided by 16.
14
Let g be ((-2)/(-1) + 0)*-4. Let j(n) = -n**3 - 7*n**2 + 2*n + 7. What is the remainder when j(g) is divided by 19?
17
Calculate the remainder when 20 is divided by (-2)/(-4) + 40/16.
2
Let u(i) = -23*i**3 + 1. Calculate the remainder when 43 is divided by u(-1).
19
Let j(m) = m**2 + 16*m + 17. Calculate the remainder when 65 is divided by j(-16).
14
Suppose -8*m = -10*m + 186. Calculate the remainder when m is divided by 32.
29
Suppose -13*w - 2*o + 603 = -8*w, -5*w + 608 = -3*o. What is the remainder when w is divided by 32?
25
Let u(j) = 8*j**2 - 1. Calculate the remainder when (6 + -1)*-2*5/(-2) is divided by u(-1).
4
Suppose -4*p = -4*s - 144, 2*p - 4*s - 54 = 26. Calculate the remainder when 3 + (-1)/(-2)*p is divided by 11.
8
Let u(m) = 11*m - 11. Calculate the remainder when u(8) is divided by 20.
17
What is the remainder when 8 is divided by 224/36 - (-4)/(-18)?
2
Suppose 2*u + 3*k = k - 14, 3*k = -15. Calculate the remainder when 19*4/2 + -1 is divided by 125/10 + (-1)/u.
11
Let k(m) = m**2 - 6*m - 4. Let x be k(6). Let f = x + 6. What is the remainder when f is divided by (-4)/10 - 24/(-10)?
0
Let x(o) = -13*o**3. Calculate the remainder when x(-1) is divided by 7.
6
What is the remainder when ((-312)/20 - -4)*-10 is divided by 24?
20
Let h = 104 - 72. Calculate the remainder when h is divided by 18.
14
Let s(p) = -p**3 - 6*p**2 - 4*p - 9. Let t = -15 - -9. Calculate the remainder when s(t) is divided by 8.
7
Let r(i) = -3*i - 7. Suppose -3*x - 2*x = 35. What is the remainder when 24 is divided by r(x)?
10
Let c(m) = -m - m**3 - 4 + 0*m**2 + 0 - 12*m**2 - 6. Suppose -5*h + 20 = -h. What is the remainder when h is divided by c(-12)?
1
Let x be (-4)/12 + (-38)/(-6). Let c = x - 1. Suppose -4*h = -5*t - 37, 24 = 3*h + 2*t - 7*t. Calculate the remainder when h is divided by c.
3
Let o = 18 + -16. Suppose 4*t = -5*u + 17, 2*t - t = o*u + 14. Calculate the remainder when 23 is divided by t.
7
Suppose -7*p + 48 = -3*p. What is the remainder when 34 is divided by p?
10
Suppose p - 5*d = -0*p - 65, 0 = 5*p + 3*d + 325. Calculate the remainder when 63 is divided by (-1)/4 - p/4.
15
Let b(m) = m**3 + 6*m**2 + 8*m + 10. Calculate the remainder when 37 is divided by b(-4).
7
Suppose 0 = -4*w - 5*f + 171, 4*w = -f + 205 - 30. Calculate the remainder when w is divided by 28.
16
Let u(b) = -4*b - 2. Let y = 31 - 28. What is the remainder when u(-2) is divided by y?
0
Suppose 5*g + n - 3*n + 10 = 0, 4*g - 4*n = -8. What is the remainder when 28/1 - 2/g is divided by 8?
5
Let w(l) = -5*l - 1. Let n be w(-1). Suppose n*a = 3*a + 15. Let g(s) = s + 2. Calculate the remainder when a is divided by g(6).
7
What is the remainder when 13 is divided by (10/(-15))/((-4)/30)?
3
Suppose -11*i = -189 + 13. What is the remainder when (9 + 0)*(6 - -1) is divided by i?
15
Suppose z - 52 = -9. What is the remainder when z is divided by 11?
10
Let r = 5 + -3. Suppose -r*w + 4*m = -0*m - 16, 2 = -2*m. Let j = -9 + 20. What is the remainder when j is divided by w?
5
Let w be (3 - 0)/((-18)/(-30)). Suppose 38 = w*t - 2. Calculate the remainder when t is divided by 5.
3
Let u be 6/(-2) + (13 - 7). Suppose y + 46 = u*y. What is the remainder when 91 is divided by y?
22
Let i = 12 + -7. Let o = i - 3. Suppose 5*p = o*p + 81. What is the remainder when p is divided by 7?
6
Let r = 899 + -635. Suppose 0 = 2*f + 2*f - r. Suppose 3*y - 15 = f. Calculate the remainder when y is divided by 15.
12
Suppose 0 = 3*f - 3*o + 12, -f - 5*o - 70 = 4*f. Let k = 15 + f. What is the remainder when (-1)/3 - (-152)/k is divided by 9?
7
Let c = -36 + 63. Calculate the remainder when 79*1/2*2 is divided by c.
25
Let k = 45 - 29. Calculate the remainder when k is divided by 7.
2
Let c = 166 + -109. Calculate the remainder when c is divided by 29.
28
Let f(t) = -t**2 + 9*t + 7. Calculate the remainder when f(5) is divided by 16.
11
Suppose 3*s = 31 + 41. Calculate the remainder when 45 is divided by s.
21
Suppose 17 = 2*y - 27. Suppose -v = v + y. What is the remainder when 1*-2 - (v + -1) is divided by 3?
1
Suppose -7*m - 17 = -185. What is the remainder when 93 is divided by m?
21
What is the remainder when ((-35)/20)/(-1 - (-70)/72) is divided by 13?
11
Let p(a) = 2*a**2 - 5*a - 1. Suppose 96 = 11*j - 7*j - 5*r, -5*j - r + 91 = 0. Calculate the remainder when j is divided by p(4).
8
Let d = -1 + 3. Suppose d*l - 12 = -l. Suppose g = 5*a - 10, a + 3 = l*g - 14. Calculate the remainder when 5 is divided by a.
2
What is the remainder when (-2)/4 + 90/4 is divided by 9?
4
Let v(l) = 4*l**2 - l + 2. Let g be v(3). Let a = -15 + g. What is the remainder when 59 is divided by a?
19
Suppose -20*a + 15*a = -45. Let i(d) = d**3 - d - 33. Let j be i(0). Let z = 58 + j. Calculate the remainder when z is divided by a.
7
Suppose -4 = -m + 1. Let b = 11 + -4. What is the remainder when b is divided by m?
2
Calculate the remainder when 980/52 - (-2)/13 is divided by 5.
4
Suppose 4*y = -2*s + 80, s - 79 = -s - 5*y. Suppose -4*c + 14 = -s. What is the remainder when c is divided by (6 - 0) + -5 - (-7)/1?
6
Suppose 3*r + 2*r = 0. Let j be (6 + -7)*-15*1. Suppose r = 4*n - 71 + j. What is the remainder when n is divided by 4?
2
What is the remainder when 55 is divided by (-3 + -3)*8/(-6)?
7
Let f = -2 + 8. Calculate the remainder when 41 is divided by 14/f*(5 - -1).
13
Let o(l) = 10*l + 8. Suppose -n + 3 = 0, -n + 1 = -y + 3. What is the remainder when o(0) is divided by y?
3
Suppose 5*f = 4*r + 311, 2*f + 71 = 3*f - 3*r. Calculate the remainder when 232 is divided by f.
55
Let x = -11 + 41. Calculate the remainder when 119 is divided by x.
29
Suppose -x + 102 = 2*b, -b + 4*b - 151 = -2*x. Calculate the remainder when b is divided by 14.
11
Let i be 62/10 - (-1)/(-5). Suppose 2*s - i + 0 = 0. Suppose -3*o + 5*f = 2, s*f = -2*o + 3*o + 6. What is the remainder when o is divided by 4?
2
What is the remainder when 20 + 0/((-1 + 0)*-3) is divided by 13?
7
Suppose 2 - 6 = -l + 5*g, 69 = 3*l + 4*g. What is the remainder when l is divided by 6?
1
Suppose k - 4 = -2*m, -m - m + 40 = 4*k. Let g(w) = w - 7. Calculate the remainder when (-248)/(-18) + (-2)/(-9) is divided by g(k).
4
Let o(s) = 3*s - 7. Suppose 7*z - 2*z = 250. What is the remainder when z is divided by o(8)?
16
Let o = 8 - -29. Calculate the remainder when o is divided by 19.
18
Let g(x) = -x**2 + x. Let a be g(0). Suppose -5*d + 3 + 2 = a. Let q = 40 + d. What is the remainder when q is divided by 11?
8
Let k = 7 - 4. Let a(m) = -k + 2 + m**2 - 3 + 2*m. Calculate the remainder when 21 is divided by a(3).
10
Suppose -81 = -3*r - 24. Calculate the remainder when r is divided by 10.
9
Let f(h) = h**2 + 5*h - 9. Let i be f(-7). Suppose i*x = -5*o + 85, -3*x - 5*o + 13 + 28 = 0. What is the remainder when 65 is divided by x?
21
Suppose 3*j - 38 = 13. Suppose 94 = 2*f + 2*b, -4*f + 41 = -3*f + 4*b. What is the remainder when f is divided by j?
15
Let y = 12 - 12. Let t = y + 13. What is the remainder when 49 is divided by t?
10
Calculate the remainder when ((-9)/(-6))/(24/736) is divided by 16.
14
Suppose -2*k + 2 = 5*q - 2, 5*k = -5*q - 5. Let u be (-57)/q*(-2)/3. Let n = 41 - u. What is the remainder when n is divided by 8?
6
Let b(z) = z**3 + 8*z**2 + z + 11. Calculate the remainder when 11 is divided by b(-8).
2
Let b(w) = w**2 - w - 1 - 2*w**2 - w**3 + 4*w. Let o(i) = -2*i**2 - 2*i. Let d be o(-2). What is the remainder when b(d) is divided by 12?
11
Let p be (-19)/5 + (-1)/5. Let x = p + 7. What is the remainder when 9 is divided by x?
0
Suppose 7*v - 38 - 18 = 0. Calculate the remainder when 29 is divided by v.
5
Let t = 52 + -21. What is the remainder when t is divided by 8?
7
Let r(a) = -a - 5. Let g be r(-8). Suppose -20 = -2*c + 2*i, c - g*i = -0*i + 6. What is the remainder when 23 is divided by c?
11
Let m = 0 - -4